{"id":62,"date":"2019-05-27T16:29:30","date_gmt":"2019-05-27T19:29:30","guid":{"rendered":"http:\/\/iosapcorrientes.com\/?page_id=62"},"modified":"2019-05-27T16:33:17","modified_gmt":"2019-05-27T19:33:17","slug":"institucional","status":"publish","type":"page","link":"https:\/\/iosapcorrientes.com\/index.php\/institucional\/","title":{"rendered":"Institucional"},"content":{"rendered":"\n<p style=\"text-align:center\"> La<strong> ley 3146<\/strong>, sancionada en<strong> junio de 1974,<\/strong> por el senado y la c\u00e1mara de diputados de la provincia permiti\u00f3 la creaci\u00f3n del <strong>Instituto Obra social de Abogados y Procuradores <\/strong>de la primera circunscripci\u00f3n judicial, con \u00fanico objetivo de garantizar la asistencia y cobertura de salud a los profesionales.<\/p>\n\n\n\n<p style=\"text-align:center\">Solo los que viven y ejercen la profesi\u00f3n, saben de las horas de trabajo y sacrificio que requiere. Muchas veces, sorteando obstaculos que presenta la realidad, pero con el objetivo claro de trabajar como un eslab\u00f3n m\u00e1s de la justicia.<\/p>\n\n\n\n<p style=\"text-align:center\">Porque el abogado, el procurador, es eso: un trabajador sin horario, pero que <strong>no goza de los beneficios de la seguridad social como el resto de los los trabajadores en relaci\u00f3n de dependencia. <\/strong><\/p>\n\n\n\n<p style=\"text-align:center\">Por eso es importante el rol que ha jugado el IOSAP a lo largo de estos a\u00f1os, dando garant\u00eda a la cobertura de salud de los profesionales y sus familias, pero tambi\u00e9n yendo mas all\u00e1,  acompa\u00f1\u00e1ndolos en los momentos mas importantes de la vida, a trav\u00e9s subsidios por matrimonio, enfermedad y nacimiento.<\/p>\n\n\n\n<p style=\"text-align:center\">Porque el objetivo del IOSAP, siempre fue y ser\u00e1 acompa\u00f1ar a sus afiliados y su familias. <\/p>\n\n\n\n<p style=\"text-align:center\">Esta instituci\u00f3n comenz\u00f3 a funcionar de forma efectiva en 1979, con<strong> la presidencia del Dr. Alberto Vicente Gutnisky<\/strong>, en una primer sede ubicada en calle San Luis 834.  En el a\u00f1o 1990 se adquiri\u00f3 el predio ubicado en Santa Ana, con el objetivo de que los profesionales tengan un espacio de recreaci\u00f3n. En el a\u00f1o 1991 se construyeron las piletas de nataci\u00f3n y las canchas de f\u00fatbol.<\/p>\n\n\n\n<p style=\"text-align:center\">2006 se adquiri\u00f3 el inmueble de calle 9 de julio 657, refaccionandolo, habilitando los consultorios de planta alta, y los salones para eventos. <\/p>\n\n\n\n<p style=\"text-align:center\">Hoy el iosap brinda servicios de odontologia, Pediatria, medicina clinica, psicopedagogia, entre otros, asistiendo y acompa\u00f1ando a cientos de profesionales a lo largo de esta circunscripci\u00f3n.<\/p>\n\n\n\n<p style=\"text-align:center\">En elecciones realizadas el 31 de marzo de 2019 fue electa la nueva comisi\u00f3n directiva, luego de 16 a\u00f1os de gesti\u00f3n del Dr. Osvaldo Guevara, con nuevos objetivos, desaf\u00edos y la intenci\u00f3n de seguir fortaleciendo esta instituci\u00f3n. <\/p>\n\n\n\n<p style=\"text-align:center\"><strong>Autoridades electas el 31 de marzo de 2019<\/strong><\/p>\n\n\n\n<p style=\"text-align:center\"><strong> PRESIDENTE<\/strong><\/p>\n\n\n\n<p style=\"text-align:center\">Milton Danekilde.<\/p>\n\n\n\n<p style=\"text-align:center\"><strong>VICE PRESIDENTE<\/strong><\/p>\n\n\n\n<p style=\"text-align:center\">Agustin Vargas Barrios.<\/p>\n\n\n\n<p style=\"text-align:center\"><strong>TESORERO<\/strong><\/p>\n\n\n\n<p style=\"text-align:center\">Heriberto Esquivel<\/p>\n\n\n\n<p style=\"text-align:center\"><strong>SECRETARIA<\/strong><\/p>\n\n\n\n<p style=\"text-align:center\">Hebe Elizabeth Sena<\/p>\n\n\n\n<p style=\"text-align:center\"><strong>DIRECTORES TITULARES<\/strong><\/p>\n\n\n\n<p style=\"text-align:center\">Arturo Go\u00f1alons<br>Eduardo Aguirre<br>Silvana Serantes <\/p>\n","protected":false},"excerpt":{"rendered":"<p>La ley 3146, sancionada en junio de 1974, por el senado y la c\u00e1mara de diputados de la provincia permiti\u00f3 la creaci\u00f3n del Instituto Obra &hellip; <\/p>\n","protected":false},"author":1,"featured_media":0,"parent":0,"menu_order":0,"comment_status":"closed","ping_status":"closed","template":"","meta":{"footnotes":""},"class_list":["post-62","page","type-page","status-publish","hentry"],"yoast_head":"<!-- This site is optimized with the Yoast SEO plugin v26.1.1 - https:\/\/yoast.com\/wordpress\/plugins\/seo\/ -->\n<title>Institucional - IOSAP<\/title>\n<meta name=\"robots\" content=\"index, follow, max-snippet:-1, max-image-preview:large, max-video-preview:-1\" \/>\n<link rel=\"canonical\" href=\"https:\/\/iosapcorrientes.com\/index.php\/institucional\/\" \/>\n<meta property=\"og:locale\" content=\"es_ES\" \/>\n<meta property=\"og:type\" content=\"article\" \/>\n<meta property=\"og:title\" content=\"Institucional - IOSAP\" \/>\n<meta property=\"og:description\" content=\"La ley 3146, sancionada en junio de 1974, por el senado y la c\u00e1mara de diputados de la provincia permiti\u00f3 la creaci\u00f3n del Instituto Obra &hellip;\" \/>\n<meta property=\"og:url\" content=\"https:\/\/iosapcorrientes.com\/index.php\/institucional\/\" \/>\n<meta property=\"og:site_name\" content=\"IOSAP\" \/>\n<meta property=\"article:modified_time\" content=\"2019-05-27T19:33:17+00:00\" \/>\n<meta name=\"twitter:card\" content=\"summary_large_image\" \/>\n<meta name=\"twitter:label1\" content=\"Tiempo de lectura\" \/>\n\t<meta name=\"twitter:data1\" content=\"2 minutos\" \/>\n<script type=\"application\/ld+json\" class=\"yoast-schema-graph\">{\"@context\":\"https:\/\/schema.org\",\"@graph\":[{\"@type\":\"WebPage\",\"@id\":\"https:\/\/iosapcorrientes.com\/index.php\/institucional\/\",\"url\":\"https:\/\/iosapcorrientes.com\/index.php\/institucional\/\",\"name\":\"Institucional - IOSAP\",\"isPartOf\":{\"@id\":\"https:\/\/iosapcorrientes.com\/#website\"},\"datePublished\":\"2019-05-27T19:29:30+00:00\",\"dateModified\":\"2019-05-27T19:33:17+00:00\",\"breadcrumb\":{\"@id\":\"https:\/\/iosapcorrientes.com\/index.php\/institucional\/#breadcrumb\"},\"inLanguage\":\"es-AR\",\"potentialAction\":[{\"@type\":\"ReadAction\",\"target\":[\"https:\/\/iosapcorrientes.com\/index.php\/institucional\/\"]}]},{\"@type\":\"BreadcrumbList\",\"@id\":\"https:\/\/iosapcorrientes.com\/index.php\/institucional\/#breadcrumb\",\"itemListElement\":[{\"@type\":\"ListItem\",\"position\":1,\"name\":\"Inicio\",\"item\":\"https:\/\/iosapcorrientes.com\/\"},{\"@type\":\"ListItem\",\"position\":2,\"name\":\"Institucional\"}]},{\"@type\":\"WebSite\",\"@id\":\"https:\/\/iosapcorrientes.com\/#website\",\"url\":\"https:\/\/iosapcorrientes.com\/\",\"name\":\"IOSAP\",\"description\":\"Instituto Obra Social para Abogados y Procuradores\",\"potentialAction\":[{\"@type\":\"SearchAction\",\"target\":{\"@type\":\"EntryPoint\",\"urlTemplate\":\"https:\/\/iosapcorrientes.com\/?s={search_term_string}\"},\"query-input\":{\"@type\":\"PropertyValueSpecification\",\"valueRequired\":true,\"valueName\":\"search_term_string\"}}],\"inLanguage\":\"es-AR\"}]}<\/script>\n<!-- \/ Yoast SEO plugin. -->","yoast_head_json":{"title":"Institucional - IOSAP","robots":{"index":"index","follow":"follow","max-snippet":"max-snippet:-1","max-image-preview":"max-image-preview:large","max-video-preview":"max-video-preview:-1"},"canonical":"https:\/\/iosapcorrientes.com\/index.php\/institucional\/","og_locale":"es_ES","og_type":"article","og_title":"Institucional - IOSAP","og_description":"La ley 3146, sancionada en junio de 1974, por el senado y la c\u00e1mara de diputados de la provincia permiti\u00f3 la creaci\u00f3n del Instituto Obra &hellip;","og_url":"https:\/\/iosapcorrientes.com\/index.php\/institucional\/","og_site_name":"IOSAP","article_modified_time":"2019-05-27T19:33:17+00:00","twitter_card":"summary_large_image","twitter_misc":{"Tiempo de lectura":"2 minutos"},"schema":{"@context":"https:\/\/schema.org","@graph":[{"@type":"WebPage","@id":"https:\/\/iosapcorrientes.com\/index.php\/institucional\/","url":"https:\/\/iosapcorrientes.com\/index.php\/institucional\/","name":"Institucional - IOSAP","isPartOf":{"@id":"https:\/\/iosapcorrientes.com\/#website"},"datePublished":"2019-05-27T19:29:30+00:00","dateModified":"2019-05-27T19:33:17+00:00","breadcrumb":{"@id":"https:\/\/iosapcorrientes.com\/index.php\/institucional\/#breadcrumb"},"inLanguage":"es-AR","potentialAction":[{"@type":"ReadAction","target":["https:\/\/iosapcorrientes.com\/index.php\/institucional\/"]}]},{"@type":"BreadcrumbList","@id":"https:\/\/iosapcorrientes.com\/index.php\/institucional\/#breadcrumb","itemListElement":[{"@type":"ListItem","position":1,"name":"Inicio","item":"https:\/\/iosapcorrientes.com\/"},{"@type":"ListItem","position":2,"name":"Institucional"}]},{"@type":"WebSite","@id":"https:\/\/iosapcorrientes.com\/#website","url":"https:\/\/iosapcorrientes.com\/","name":"IOSAP","description":"Instituto Obra Social para Abogados y Procuradores","potentialAction":[{"@type":"SearchAction","target":{"@type":"EntryPoint","urlTemplate":"https:\/\/iosapcorrientes.com\/?s={search_term_string}"},"query-input":{"@type":"PropertyValueSpecification","valueRequired":true,"valueName":"search_term_string"}}],"inLanguage":"es-AR"}]}},"_links":{"self":[{"href":"https:\/\/iosapcorrientes.com\/index.php\/wp-json\/wp\/v2\/pages\/62","targetHints":{"allow":["GET"]}}],"collection":[{"href":"https:\/\/iosapcorrientes.com\/index.php\/wp-json\/wp\/v2\/pages"}],"about":[{"href":"https:\/\/iosapcorrientes.com\/index.php\/wp-json\/wp\/v2\/types\/page"}],"author":[{"embeddable":true,"href":"https:\/\/iosapcorrientes.com\/index.php\/wp-json\/wp\/v2\/users\/1"}],"replies":[{"embeddable":true,"href":"https:\/\/iosapcorrientes.com\/index.php\/wp-json\/wp\/v2\/comments?post=62"}],"version-history":[{"count":3,"href":"https:\/\/iosapcorrientes.com\/index.php\/wp-json\/wp\/v2\/pages\/62\/revisions"}],"predecessor-version":[{"id":66,"href":"https:\/\/iosapcorrientes.com\/index.php\/wp-json\/wp\/v2\/pages\/62\/revisions\/66"}],"wp:attachment":[{"href":"https:\/\/iosapcorrientes.com\/index.php\/wp-json\/wp\/v2\/media?parent=62"}],"curies":[{"name":"wp","href":"https:\/\/api.w.org\/{rel}","templated":true}]}}